 Is x a multiple of 7?
False
Does 10 divide 1673 + ((-2)/4)/((-18)/36)?
False
Let h = 822 - 133. Is h a multiple of 53?
True
Let t(b) = -3*b**2 + 26*b + 7. Let l(q) = 3*q**2 - 25*q - 7. Let s(p) = -4*l(p) - 3*t(p). Does 6 divide s(5)?
True
Let l be 7 + -4 + 76/(-1). Let o = 379 - 221. Let g = l + o. Does 11 divide g?
False
Let l(v) = 4*v**3 - 7*v**2 - 12*v + 58. Is l(6) a multiple of 14?
False
Let t(s) be the first derivative of -s**3/3 + 7*s**2 - 8*s - 1. Let q be t(10). Let m = -4 + q. Does 11 divide m?
False
Suppose 4*w - 4*o - 1290 - 230 = 0, -5*w - 5*o + 1900 = 0. Is w a multiple of 19?
True
Suppose 0 = -53*v + 51*v + 158. Is 10 a factor of v?
False
Let k(l) = 2*l**2 + 10*l - 12. Let x = 21 + -15. Does 30 divide k(x)?
True
Let x(z) = 13*z + 1813. Is 23 a factor of x(0)?
False
Let g = 5 + -5. Suppose -4*v - 15 = -v - 3*k, 5*v - 4*k + 20 = g. Suppose -4*z + z + 78 = v. Does 6 divide z?
False
Let m(s) = 154*s + 9. Is m(1) a multiple of 7?
False
Suppose 955 = -2*u + 131. Let x = -172 - u. Does 40 divide x?
True
Suppose 0 = -11*m - 1328 + 12493. Is 12 a factor of m?
False
Let f = 15 - 18. Let j(b) = -b + 6. Let a(x) = 5. Let o(t) = f*a(t) + 2*j(t). Is o(-10) a multiple of 17?
True
Suppose 3*n + 5*p = 1150, 2*n - 3*n + 386 = -p. Let r = n - 232. Is r a multiple of 7?
False
Is 2 a factor of -6*2/4 - -21?
True
Suppose 3*h = 138 + 174. Let j = h + -73. Let g = 58 - j. Is 10 a factor of g?
False
Let w = -205 - -514. Suppose 0 = -7*v + 3*v - 20. Does 25 divide w*((-20)/12)/v?
False
Let l(m) = -m**2 - 6*m - 5. Let d be l(-4). Suppose d*h = h + 88. Suppose -k - 2*u = -h, 6*k - u = 3*k + 125. Is 22 a factor of k?
False
Let p(s) = 5*s**2 - 3*s - 2. Let q be p(-2). Let u = q + -20. Suppose u*a = 7*a - 36. Does 12 divide a?
True
Suppose -3*j + 1 = -5. Suppose -39 - 141 = -j*m. Suppose -8 = 4*t, 4*t = 4*i - 2 - m. Does 7 divide i?
True
Suppose 34 = -2*s + 3*s. Suppose -3*j + j = -s. Let g = j + -9. Does 4 divide g?
True
Let v(l) = 57*l + 561. Does 25 divide v(-7)?
False
Suppose -4*k + 3*m = -3377, 0 = k + 3*k - 4*m - 3372. Is 16 a factor of k?
True
Let j be (-20)/80 + 9/4. Is (-3 - (j + -4)) + 107 a multiple of 23?
False
Is (-1 + 86)*(-7571)/(-565) a multiple of 89?
False
Let m(z) = 8*z**2 + 2*z**3 - 3*z**3 + 30 + 7*z - 11 - z. Is 10 a factor of m(8)?
False
Let z = 4174 - -266. Does 23 divide z?
False
Let y(n) = 3*n**2 - 13*n + 26. Let k(q) be the first derivative of -7*q**3/3 + 13*q**2 - 53*q - 5. Let d(r) = -4*k(r) - 9*y(r). Is d(-16) a multiple of 13?
True
Suppose -4*q + 3*s + 174 = s, 125 = 3*q + 4*s. Suppose 5*w + 7 = -h, h - w = -2*h + q. Let a = h + 2. Does 5 divide a?
True
Let u = 24 + -1. Let y(k) = -u*k + 27*k + 14 - 3. Does 24 divide y(9)?
False
Let l(h) = h**3 + 24*h**2 + 25*h + 42. Let v be l(-23). Let s(f) = -29*f + 1. Does 8 divide s(v)?
False
Let i(o) = 18*o - 26. Is 10 a factor of i(7)?
True
Let s(z) = -21*z + 14. Let t be s(-4). Suppose -96*y + t*y - 32 = 0. Is y a multiple of 16?
True
Let q(o) = o + 13. Let z be q(7). Suppose -15*a + 14*a = -z. Is a a multiple of 10?
True
Let i be ((-125)/2)/(28/(-56)). Is (-4 - -4)/3 + i a multiple of 17?
False
Let t be 1/(-8) + 12990/240. Let b = t - 34. Is 4 a factor of b?
True
Suppose -3*n - 24 = n. Let b be 104*(15/n + 3). Suppose -b = -2*k + 26. Is 13 a factor of k?
True
Let l(z) = -z - 2. Let c be l(-2). Suppose -d - 2*d - 9 = c. Does 8 divide 18 + 0*d/(-9)?
False
Let r = 736 + 182. Does 18 divide r?
True
Let d(m) = -m**2 - 23*m. Let h be d(-20). Let v(u) = u**2 - 3*u - 5. Let b be v(5). Suppose b*s - 3*s = h. Is s a multiple of 6?
True
Let q = 8 - -2. Let m = q + -6. Suppose -j = m*j - 4*u - 190, -2*j - 5*u = -109. Is 21 a factor of j?
True
Suppose -2954 + 1160 = -6*g. Does 21 divide g?
False
Is (-4)/10 - 2554/(-10) a multiple of 15?
True
Let o = 26 + -21. Suppose 3*h - 31 = o*p + 5, -2*h + 4*p + 24 = 0. Suppose -11*k + h*k = 59. Does 9 divide k?
False
Let f = 11 - -121. Is 4 a factor of (f/(-16))/(-6*2/64)?
True
Suppose 5*i - 557 = 8*y - 5*y, 0 = -3*i - 3*y + 339. Does 4 divide i?
True
Let o(u) = -u**2 + 14*u + 1. Let l be o(13). Is 6/(-21) + 452/l a multiple of 4?
True
Suppose 676 = 5*s - 1024. Is 20 a factor of s?
True
Suppose 0 = 23*k + 2*k - 29725. Is k a multiple of 26?
False
Let n = -374 + 588. Is 17 a factor of n?
False
Let h = 5 + 11. Is h/(-128) - (273/(-8) + 1) a multiple of 3?
True
Let f = -17 - -16. Let u = f - -4. Does 6 divide (38 - 0)*u/6?
False
Suppose -2*w = -z + 9, 5*w - 2*z + 6 = -17. Let v(d) = -d**3 - 2*d**2 - 5*d + 11. Is v(w) a multiple of 37?
True
Let s(h) = -h + 3. Let m(l) = -2*l**2 - 3*l. Suppose 0 = -4*a - 3*y - 29 + 8, 3*y + 24 = -5*a. Let w be m(a). Is 12 a factor of s(w)?
True
Let b = 392 - 128. Is b a multiple of 10?
False
Let k(p) = 9*p**2 + p - 5 + 15*p**2 + 9*p**2 - 6*p**2. Does 44 divide k(-3)?
False
Let m(k) be the third derivative of k**5/15 - k**4/24 + k**3/6 + 8*k**2. Let h be m(3). Suppose -h = -3*v + 2*u, -3 - 7 = 5*u. Is v a multiple of 4?
False
Let x(o) = -14*o - 8*o + o**2 + 8 - 13*o + 31*o. Suppose -2 = -3*z + 5*t, 4*t = -2*z + 17 + 21. Is 22 a factor of x(z)?
False
Suppose -2*c + 4 + 4 = 0. Let p be c/8*74 - 0. Suppose 3*x - 66 + 7 = -4*j, -5*x = -3*j + p. Is j a multiple of 4?
False
Let j = -13 + 15. Suppose -5*d + 27 = 3*n - 2*d, j*n - 2*d = 26. Is n a multiple of 2?
False
Is 10 a factor of (-3 - 11)/((-4)/140)?
True
Is 11522/9 + (931/63 - 15) a multiple of 40?
True
Let j = -36 - 104. Let t = 229 + j. Does 9 divide t?
False
Let i = -1 + 4. Let w(l) = 14*l**2 - 4*l + 3 - 2*l + i*l. Does 4 divide w(1)?
False
Let p = -27 - -25. Let s(q) = 9*q**2 - 6*q - 9. Does 13 divide s(p)?
True
Let r be (301 - 2)/((-4)/12). Is 14 a factor of 2 - (r/5 - 6/10)?
True
Let l(p) = 79*p**2 - 5*p + 3. Let t(c) = c**3 + 4*c**2 + 6*c + 5. Let b be t(-2). Is l(b) a multiple of 17?
False
Let v(b) = 2*b**3 + 2*b**2 - 4*b + 3. Let x be v(5). Does 46 divide (-7 + x)*(-1)/((-3)/2)?
True
Let n = 723 + -511. Is 19 a factor of n?
False
Let z = 79 - -40. Let f = z - 41. Suppose -2*m + k = -62, f = 2*m - 0*m - 5*k. Is m a multiple of 8?
False
Does 30 divide 455 + (-6 + 6 - 4) + -1?
True
Is 7 a factor of -14*((-18)/8)/((-33)/(-682))?
True
Suppose -i = -5*x + 6881, -2*x = -x - 2*i - 1369. Is x a multiple of 81?
True
Let m(i) = i**3 - 25*i**2 - 30*i + 139. Is 8 a factor of m(27)?
False
Suppose -11 = 4*w - 4*l - 43, w + 3*l = -12. Let a = -50 - -55. Suppose -4*x + 268 = a*n, -w*x - 4*n + 236 = 36. Does 12 divide x?
True
Let c(q) = -329*q + 125. Is 30 a factor of c(-5)?
True
Suppose 13*y + 164 = -2046. Let c = -83 - y. Is c a multiple of 34?
False
Let r(q) be the second derivative of 1/10*q**5 - q - 1/4*q**4 + 1/6*q**3 + 0 - 1/2*q**2. Is 10 a factor of r(3)?
False
Suppose -12 = -6*m + 18. Suppose m*b + 440 = 120. Let p = -30 - b. Does 13 divide p?
False
Let m(g) = -g**2 - 7*g + 5. Let j(p) = -p**3 + 3*p - 3. Let s be j(2). Is m(s) a multiple of 3?
True
Let m = 117 - 114. Let h(p) = 7*p**3 - p**2 + 7*p - 17. Does 23 divide h(m)?
True
Let h = 18 - 14. Suppose -h*y + 7 = -5. Suppose -36 = -2*o + 2*l, o - 31 = -o + y*l. Is 18 a factor of o?
False
Suppose 2*q = -x - 78, -6*q = -q - 2*x + 195. Let i = q + 88. Let o = -4 + i. Is o a multiple of 12?
False
Does 7 divide (-1060)/6*(-234)/52?
False
Suppose 20*n - 31*n = -1001. Is 39 a factor of n?
False
Suppose 20*v + 344 = 24*v. Let f = v + 6. Is 23 a factor of f?
True
Let d(s) = -65*s - 76. Does 148 divide d(-8)?
True
Does 3 divide 195 + -1 + 3 - -7?
True
Suppose d = 5*d - 296. Suppose 4*y + y = 2*v + 29, -2*v - d = 4*y. Let p = 45 + v. Is p a multiple of 6?
True
Suppose -4*c = -3*u - 0*u + 10, u + 3 = -5*c. Let v be (4/(-8))/(u/20). Let m(q) = -q**3 - 3*q**2 + 6*q - 1. Is 7 a factor of m(v)?
False
Let q be (-833)/(-68) + (-1)/4. Let c = q - -6. Suppose -y + 3 = -c. Is y a multiple of 14?
False
Suppose 5*b - 35 = h, 4*b - h - 44 = 3*h. Suppose 9*u - 165 = b*u. Does 8 divide u?
False
Let q = 91 - 163. Let d = q + 90. Is 9 a factor of d?
True
Suppose 4*j = -46 + 14. Does 41 divide ((-2)/j)/(4/656)?
True
Let s be -3*4/(-3) - 1. Let v be (s + -2 - -1)*-22. Does 10 divide 15/(-4 + v/(-8))?
True
Let g(f) = f**3 + 4*f**2 - 5*f - 1. Let a be g(-5). Let k(t) = -10*t. Let u be k(a). Let j = 26 + u. Is 12 a factor of j?
True
Let m(k) be the second deriv